[INFO] cloning repository https://github.com/jaredgreene1/rusty-md5
[INFO] running `Command { std: "git" "-c" "credential.helper=" "-c" "credential.helper=/workspace/cargo-home/bin/git-credential-null" "clone" "--bare" "https://github.com/jaredgreene1/rusty-md5" "/workspace/cache/git-repos/https%3A%2F%2Fgithub.com%2Fjaredgreene1%2Frusty-md5", kill_on_drop: false }`
[INFO] [stderr] Cloning into bare repository '/workspace/cache/git-repos/https%3A%2F%2Fgithub.com%2Fjaredgreene1%2Frusty-md5'...
[INFO] running `Command { std: "git" "rev-parse" "HEAD", kill_on_drop: false }`
[INFO] [stdout] 25bd0c7d66d4585c63898fbb3985129c0cae5ead
[INFO] checking jaredgreene1/rusty-md5 against master#cfbc6d4cf1acbac5c025acf8ed68929caa551df3 for pr-75494-beta
[INFO] running `Command { std: "git" "clone" "/workspace/cache/git-repos/https%3A%2F%2Fgithub.com%2Fjaredgreene1%2Frusty-md5" "/workspace/builds/worker-4/source", kill_on_drop: false }`
[INFO] [stderr] Cloning into '/workspace/builds/worker-4/source'...
[INFO] [stderr] done.
[INFO] validating manifest of git repo https://github.com/jaredgreene1/rusty-md5 on toolchain cfbc6d4cf1acbac5c025acf8ed68929caa551df3
[INFO] running `Command { std: "/workspace/cargo-home/bin/cargo" "+cfbc6d4cf1acbac5c025acf8ed68929caa551df3" "read-manifest" "--manifest-path" "Cargo.toml", kill_on_drop: false }`
[INFO] started tweaking git repo https://github.com/jaredgreene1/rusty-md5
[INFO] finished tweaking git repo https://github.com/jaredgreene1/rusty-md5
[INFO] tweaked toml for git repo https://github.com/jaredgreene1/rusty-md5 written to /workspace/builds/worker-4/source/Cargo.toml
[INFO] crate git repo https://github.com/jaredgreene1/rusty-md5 already has a lockfile, it will not be regenerated
[INFO] running `Command { std: "/workspace/cargo-home/bin/cargo" "+cfbc6d4cf1acbac5c025acf8ed68929caa551df3" "fetch" "--locked" "--manifest-path" "Cargo.toml", kill_on_drop: false }`
[INFO] running `Command { std: "docker" "create" "-v" "/var/lib/crater-agent-workspace/builds/worker-4/target:/opt/rustwide/target:rw,Z" "-v" "/var/lib/crater-agent-workspace/builds/worker-4/source:/opt/rustwide/workdir:ro,Z" "-v" "/var/lib/crater-agent-workspace/cargo-home:/opt/rustwide/cargo-home:ro,Z" "-v" "/var/lib/crater-agent-workspace/rustup-home:/opt/rustwide/rustup-home:ro,Z" "-e" "SOURCE_DIR=/opt/rustwide/workdir" "-e" "CARGO_TARGET_DIR=/opt/rustwide/target" "-e" "CARGO_HOME=/opt/rustwide/cargo-home" "-e" "RUSTUP_HOME=/opt/rustwide/rustup-home" "-w" "/opt/rustwide/workdir" "-m" "1610612736" "--user" "0:0" "--network" "none" "rustops/crates-build-env@sha256:a636fd89d022f18117e1dc8fb37a0a009933cdbbe082814857f0e2024962d47c" "/opt/rustwide/cargo-home/bin/cargo" "+cfbc6d4cf1acbac5c025acf8ed68929caa551df3" "metadata" "--no-deps" "--format-version=1", kill_on_drop: false }`
[INFO] [stdout] 84586b83074650d5d447d0310b78f3c69c1e460a6d99380b01c2dc8d83dc72f0
[INFO] [stderr] WARNING: Your kernel does not support swap limit capabilities or the cgroup is not mounted. Memory limited without swap.
[INFO] running `Command { std: "docker" "start" "-a" "84586b83074650d5d447d0310b78f3c69c1e460a6d99380b01c2dc8d83dc72f0", kill_on_drop: false }`
[INFO] running `Command { std: "docker" "inspect" "84586b83074650d5d447d0310b78f3c69c1e460a6d99380b01c2dc8d83dc72f0", kill_on_drop: false }`
[INFO] running `Command { std: "docker" "rm" "-f" "84586b83074650d5d447d0310b78f3c69c1e460a6d99380b01c2dc8d83dc72f0", kill_on_drop: false }`
[INFO] [stdout] 84586b83074650d5d447d0310b78f3c69c1e460a6d99380b01c2dc8d83dc72f0
[INFO] running `Command { std: "docker" "create" "-v" "/var/lib/crater-agent-workspace/builds/worker-4/target:/opt/rustwide/target:rw,Z" "-v" "/var/lib/crater-agent-workspace/builds/worker-4/source:/opt/rustwide/workdir:ro,Z" "-v" "/var/lib/crater-agent-workspace/cargo-home:/opt/rustwide/cargo-home:ro,Z" "-v" "/var/lib/crater-agent-workspace/rustup-home:/opt/rustwide/rustup-home:ro,Z" "-e" "SOURCE_DIR=/opt/rustwide/workdir" "-e" "CARGO_TARGET_DIR=/opt/rustwide/target" "-e" "CARGO_INCREMENTAL=0" "-e" "RUST_BACKTRACE=full" "-e" "RUSTFLAGS=--cap-lints=forbid" "-e" "CARGO_HOME=/opt/rustwide/cargo-home" "-e" "RUSTUP_HOME=/opt/rustwide/rustup-home" "-w" "/opt/rustwide/workdir" "-m" "1610612736" "--user" "0:0" "--network" "none" "rustops/crates-build-env@sha256:a636fd89d022f18117e1dc8fb37a0a009933cdbbe082814857f0e2024962d47c" "/opt/rustwide/cargo-home/bin/cargo" "+cfbc6d4cf1acbac5c025acf8ed68929caa551df3" "check" "--frozen" "--all" "--all-targets" "--message-format=json", kill_on_drop: false }`
[INFO] [stderr] WARNING: Your kernel does not support swap limit capabilities or the cgroup is not mounted. Memory limited without swap.
[INFO] [stdout] ff704bfcd369b9953380c9cb370027c727c8046329c3ad96889a4f0100b8782e
[INFO] running `Command { std: "docker" "start" "-a" "ff704bfcd369b9953380c9cb370027c727c8046329c3ad96889a4f0100b8782e", kill_on_drop: false }`
[INFO] [stderr]     Blocking waiting for file lock on package cache
[INFO] [stderr]     Checking md5 v0.1.0 (/opt/rustwide/workdir)
[INFO] [stdout] error: expected one of `:`, `@`, or `|`, found `)`
[INFO] [stdout]   --> src/digest.rs:23:83
[INFO] [stdout]    |
[INFO] [stdout] 23 | fn _rnd_1(a: u8, b: u8, c: u8, d: u8, X: [u8; 16], n0: i32, n1: i32, n2: i32, func) {
[INFO] [stdout]    |                                                                                   ^ expected one of `:`, `@`, or `|`
[INFO] [stdout]    |
[INFO] [stdout]    = note: anonymous parameters are removed in the 2018 edition (see RFC 1685)
[INFO] [stdout] help: if this is a parameter name, give it a type
[INFO] [stdout]    |
[INFO] [stdout] 23 | fn _rnd_1(a: u8, b: u8, c: u8, d: u8, X: [u8; 16], n0: i32, n1: i32, n2: i32, func: TypeName) {
[INFO] [stdout]    |                                                                               ^^^^^^^^^^^^^^
[INFO] [stdout] help: if this is a type, explicitly ignore the parameter name
[INFO] [stdout]    |
[INFO] [stdout] 23 | fn _rnd_1(a: u8, b: u8, c: u8, d: u8, X: [u8; 16], n0: i32, n1: i32, n2: i32, _: func) {
[INFO] [stdout]    |                                                                               ^^^^^^^
[INFO] [stdout] 
[INFO] [stdout] 
[INFO] [stdout] error: expected one of `:`, `@`, or `|`, found `)`
[INFO] [stdout]   --> src/digest.rs:23:83
[INFO] [stdout]    |
[INFO] [stdout] 23 | fn _rnd_1(a: u8, b: u8, c: u8, d: u8, X: [u8; 16], n0: i32, n1: i32, n2: i32, func) {
[INFO] [stdout]    |                                                                                   ^ expected one of `:`, `@`, or `|`
[INFO] [stdout]    |
[INFO] [stdout]    = note: anonymous parameters are removed in the 2018 edition (see RFC 1685)
[INFO] [stdout] help: if this is a parameter name, give it a type
[INFO] [stdout]    |
[INFO] [stdout] 23 | fn _rnd_1(a: u8, b: u8, c: u8, d: u8, X: [u8; 16], n0: i32, n1: i32, n2: i32, func: TypeName) {
[INFO] [stdout]    |                                                                               ^^^^^^^^^^^^^^
[INFO] [stdout] help: if this is a type, explicitly ignore the parameter name
[INFO] [stdout]    |
[INFO] [stdout] 23 | fn _rnd_1(a: u8, b: u8, c: u8, d: u8, X: [u8; 16], n0: i32, n1: i32, n2: i32, _: func) {
[INFO] [stdout]    |                                                                               ^^^^^^^
[INFO] [stdout] 
[INFO] [stdout] 
[INFO] [stdout] error[E0277]: the type `[u8]` cannot be indexed by `i32`
[INFO] [stdout]   --> src/digest.rs:24:35
[INFO] [stdout]    |
[INFO] [stdout] 24 |     a = b + ((a + func(b, c, d) + X[n0] + T(n2)) << n1);
[INFO] [stdout]    |                                   ^^^^^ slice indices are of type `usize` or ranges of `usize`
[INFO] [stdout]    |
[INFO] [stdout]    = help: the trait `std::slice::SliceIndex<[u8]>` is not implemented for `i32`
[INFO] [stdout]    = note: required because of the requirements on the impl of `std::ops::Index<i32>` for `[u8]`
[INFO] [stdout] 
[INFO] [stdout] 
[INFO] [stdout] error[E0308]: mismatched types
[INFO] [stdout]   --> src/digest.rs:24:45
[INFO] [stdout]    |
[INFO] [stdout] 24 |     a = b + ((a + func(b, c, d) + X[n0] + T(n2)) << n1);
[INFO] [stdout]    |                                             ^^ expected `f32`, found `i32`
[INFO] [stdout]    |
[INFO] [stdout] help: you can convert an `i32` to `f32`, producing the floating point representation of the integer, rounded if necessary
[INFO] [stdout]    |
[INFO] [stdout] 24 |     a = b + ((a + func(b, c, d) + X[n0] + T(n2 as f32)) << n1);
[INFO] [stdout]    |                                             ^^^^^^^^^
[INFO] [stdout] 
[INFO] [stdout] 
[INFO] [stdout] error[E0277]: the type `[u8]` cannot be indexed by `i32`
[INFO] [stdout]   --> src/digest.rs:24:35
[INFO] [stdout]    |
[INFO] [stdout] 24 |     a = b + ((a + func(b, c, d) + X[n0] + T(n2)) << n1);
[INFO] [stdout]    |                                   ^^^^^ slice indices are of type `usize` or ranges of `usize`
[INFO] [stdout]    |
[INFO] [stdout]    = help: the trait `std::slice::SliceIndex<[u8]>` is not implemented for `i32`
[INFO] [stdout]    = note: required because of the requirements on the impl of `std::ops::Index<i32>` for `[u8]`
[INFO] [stdout] 
[INFO] [stdout] 
[INFO] [stdout] error: aborting due to 3 previous errors
[INFO] [stdout] 
[INFO] [stdout] 
[INFO] [stdout] Some errors have detailed explanations: E0277, E0308.
[INFO] [stdout] 
[INFO] [stdout] For more information about an error, try `rustc --explain E0277`.
[INFO] [stdout] 
[INFO] [stdout] error[E0308]: mismatched types
[INFO] [stdout]   --> src/digest.rs:24:45
[INFO] [stdout]    |
[INFO] [stdout] 24 |     a = b + ((a + func(b, c, d) + X[n0] + T(n2)) << n1);
[INFO] [stdout]    |                                             ^^ expected `f32`, found `i32`
[INFO] [stdout]    |
[INFO] [stdout] help: you can convert an `i32` to `f32`, producing the floating point representation of the integer, rounded if necessary
[INFO] [stdout]    |
[INFO] [stdout] 24 |     a = b + ((a + func(b, c, d) + X[n0] + T(n2 as f32)) << n1);
[INFO] [stdout]    |                                             ^^^^^^^^^
[INFO] [stdout] 
[INFO] [stdout] 
[INFO] [stdout] error: aborting due to 3 previous errors
[INFO] [stdout] 
[INFO] [stdout] 
[INFO] [stdout] Some errors have detailed explanations: E0277, E0308.
[INFO] [stdout] 
[INFO] [stdout] For more information about an error, try `rustc --explain E0277`.
[INFO] [stdout] 
[INFO] [stderr] error: could not compile `md5`.
[INFO] [stderr] 
[INFO] [stderr] To learn more, run the command again with --verbose.
[INFO] [stderr] warning: build failed, waiting for other jobs to finish...
[INFO] [stderr] error: build failed
[INFO] running `Command { std: "docker" "inspect" "ff704bfcd369b9953380c9cb370027c727c8046329c3ad96889a4f0100b8782e", kill_on_drop: false }`
[INFO] running `Command { std: "docker" "rm" "-f" "ff704bfcd369b9953380c9cb370027c727c8046329c3ad96889a4f0100b8782e", kill_on_drop: false }`
[INFO] [stdout] ff704bfcd369b9953380c9cb370027c727c8046329c3ad96889a4f0100b8782e
